 -97283?
-97286
In base 6, what is -4 + 42335?
42331
In base 13, what is -1 - -1ca8bc?
1ca8bb
In base 10, what is -258413 + -5?
-258418
In base 14, what is -dd + -ad8?
-bd7
In base 3, what is 201 + 21110?
22011
In base 5, what is 42 + 434321?
434413
In base 9, what is 2 + -7620?
-7617
In base 15, what is -4 - -b195?
b191
In base 10, what is 1166 + 96?
1262
In base 12, what is 34932 + 4?
34936
In base 13, what is -16112 - 4?
-16116
In base 9, what is 60027 - -1?
60028
In base 11, what is 870 + 7a0?
1560
In base 13, what is 87 + -9a0?
-916
In base 11, what is -153753 + -5?
-153758
In base 8, what is 1533 + -4?
1527
In base 9, what is 0 + 16561?
16561
In base 2, what is 100 - -1101101011111110?
1101101100000010
In base 10, what is -1341047 - -5?
-1341042
In base 3, what is 0 - -211210011?
211210011
In base 10, what is 451 + -40?
411
In base 3, what is 101 - 100022?
-22221
In base 3, what is 211012112 - -21?
211012210
In base 10, what is -4 + -39825?
-39829
In base 8, what is 33 + 17474?
17527
In base 4, what is -10 + -2222212?
-2222222
In base 5, what is 122312 + 2?
122314
In base 13, what is c387 - 0?
c387
In base 2, what is -10011101111 - 11011?
-10100001010
In base 7, what is -4631 + -122?
-5053
In base 10, what is -2 - -1581?
1579
In base 9, what is -1080 - 122?
-1212
In base 2, what is 111 + -100101111110101?
-100101111101110
In base 4, what is -23123 + 32?
-23031
In base 5, what is -11024 + -343?
-11422
In base 4, what is 1 + 121103?
121110
In base 12, what is -173 - -48?
-127
In base 3, what is -1022 + 2112102002?
2112100210
In base 10, what is 998 + -34?
964
In base 6, what is -22 - -5330?
5304
In base 3, what is 1011022022121 - -2?
1011022022200
In base 15, what is -44 - 18b9?
-190d
In base 5, what is 20341 + 21?
20412
In base 14, what is 5 - -653?
658
In base 3, what is -1000122 - 121120?
-1122012
In base 11, what is -202 - -21?
-191
In base 13, what is -16 - -1b42?
1b29
In base 15, what is 889 + 64?
8ed
In base 5, what is -10 + 1412431?
1412421
In base 3, what is 200 - 120012222?
-120012022
In base 3, what is 222 + 11001101?
11002100
In base 16, what is 3f4e - 1?
3f4d
In base 13, what is 7 + -8060?
-8056
In base 7, what is -6 + 14500?
14461
In base 5, what is -12404403 + 22?
-12404331
In base 2, what is 111111100100 + -1010010?
111110010010
In base 3, what is -11221211220 - 1012?
-11221220002
In base 5, what is 201 - 1212?
-1011
In base 2, what is 1011001011101000 + -100?
1011001011100100
In base 5, what is -31002 - 4?
-31011
In base 8, what is -2464 - 244?
-2730
In base 7, what is -6160 - 2216?
-11406
In base 15, what is -b + 6284?
6278
In base 14, what is 1ba2 + a?
1bac
In base 6, what is 3251 + 210?
3501
In base 3, what is 1100 - -110012?
111112
In base 6, what is 1 + -2542522?
-2542521
In base 15, what is -7 - 313e?
-3146
In base 7, what is -11 + 10301?
10260
In base 14, what is -d3 + -499?
-58c
In base 15, what is -10c4e + -14?
-10c63
In base 10, what is -12513 - 35?
-12548
In base 12, what is 114166 + -4?
114162
In base 8, what is 102014 + 0?
102014
In base 8, what is 1 - -42155?
42156
In base 11, what is 23213a + 6?
232145
In base 11, what is 99883 - a?
99874
In base 14, what is -8ca + -28?
-914
In base 13, what is 6a0 + 7?
6a7
In base 10, what is -14449 - -14?
-14435
In base 11, what is -36a9 + 5?
-36a4
In base 9, what is -124 + 15866?
15742
In base 8, what is -376 + -1261?
-1657
In base 11, what is -14 + 10183?
1016a
In base 12, what is b14 + 20?
b34
In base 8, what is -12 + -2577636?
-2577650
In base 11, what is 38a4a4 - 1?
38a4a3
In base 12, what is -203 - -8?
-1b7
In base 11, what is 23542 + -4?
23539
In base 13, what is -1 + 53201?
53200
In base 12, what is a82 + 97?
b59
In base 7, what is 326 - 120?
206
In base 12, what is -182 - 634?
-7b6
In base 16, what is -9122 + 1?
-9121
In base 15, what is 1b7a - 8?
1b72
In base 12, what is 146586 + 2?
146588
In base 11, what is -336169 - -1?
-336168
In base 14, what is -c399d - 5?
-c39a4
In base 14, what is 45 + 1202?
1247
In base 2, what is -1001111000 - -11001?
-1001011111
In base 9, what is -552 + -3414?
-4066
In base 14, what is -1 + 37b7?
37b6
In base 14, what is -2 - 10305c?
-103060
In base 15, what is -1741c85 + 3?
-1741c82
In base 12, what is -3b + -2755?
-2794
In base 7, what is -3 - 1215231?
-1215234
In base 15, what is -98757 + 2?
-98755
In base 6, what is -525101 + 5?
-525052
In base 12, what is 194b7 + -4?
194b3
In base 4, what is 10 - -232021333?
232022003
In base 12, what is -3 + -24637?
-2463a
In base 13, what is -75c + -122b?
-198a
In base 15, what is 17 - 44b0?
-4498
In base 12, what is -669 + 738?
8b
In base 11, what is 38559 - 3?
38556
In base 2, what is -10111011 - 110000000?
-1000111011
In base 10, what is 1 - -490698?
490699
In base 15, what is -5 - 4a160?
-4a165
In base 3, what is 21101010 - 20?
21100220
In base 5, what is 423 + 141242?
142220
In base 13, what is -7 + -104b3?
-104ba
In base 14, what is 4 + -4048?
-4044
In base 14, what is -128 - 141c?
-1546
In base 16, what is b - 1f898?
-1f88d
In base 9, what is -34 + -101066?
-101111
In base 11, what is -84 + 5?
-7a
In base 2, what is 1001010 + -1000100101?
-111011011
In base 3, what is -1222111 - 1110?
-2000221
In base 8, what is 253 + 2067?
2342
In base 6, what is -324404 + -2?
-324410
In base 16, what is c8 + 580?
648
In base 6, what is 3 + -14332?
-14325
In base 15, what is -b18 + -1e?
-b37
In base 11, what is 9 + a781?
a78a
In base 13, what is 57cc4 - -5?
57cc9
In base 15, what is -40e - 496?
-8a5
In base 10, what is -4 - -43875?
43871
In base 16, what is 5e2 - -6fa?
cdc
In base 3, what is -112202120120 - -202?
-112202112211
In base 3, what is -1002 + -20102022?
-20110101
In base 12, what is -240066 + 4?
-240062
In base 14, what is a0 + 72?
132
In base 4, what is -202120 - -12?
-202102
In base 13, what is 12 + -8aa8?
-8a96
In base 7, what is 3 + 1100141?
1100144
In base 3, what is 1211010 + -1002?
1210001
In base 6, what is 3401003 + 5?
3401012
In base 2, what is 10111010 - 110010010?
-11011000
In base 5, what is 1022331 + 10?
1022341
In base 10, what is 412 - -77?
489
In base 4, what is 23132311 + -11?
23132300
In base 2, what is 10111100 + 111000110?
1010000010
In base 11, what is -a1244 + -3?
-a1247
In base 5, what is -2 + -10034110?
-10034112
In base 16, what is 38c - 5e0?
-254
In base 15, what is 34d - b?
342
In base 11, what is 28035 - 1a?
28016
In base 9, what is 140627 + -16?
140611
In base 14, what is -3 + -bbc6?
-bbc9
In base 9, what is -18506 - 0?
-18506
In base 15, what is -55 + -669?
-6be
In base 5, what is 30 - 23323?
-23243
In base 3, what is 1122202121 - -211?
1122210102
In base 16, what is -21539 + -4?
-2153d
In base 7, what is 1 + 1122332?
1122333
In base 16, what is 54ce2 - 2?
54ce0
In base 7, what is 504265 - -4?
504302
In base 7, what is 5 - 115305?
-115300
In base 9, what is -888 - 353?
-1352
In base 10, what is -5 + -16467?
-16472
In base 9, what is -11 + 162788?
162777
In base 15, what is 1c5dc - 1?
1c5db
In base 6, what is 2353 + 5?
2402
In base 12, what is 5 - -140765?
14076a
In base 10, what is 18 - 32295?
-32277
In base 5, what is 342000 - 13?
341432
In base 10, what is -1 + -28552?
-28553
In base 2, what is 100 + 100011110100110?
100011110101010
In base 4, what is 2231120 + 0?
2231120
In base 12, what is -159 + -193?
-330
In base 15, what is 872d + 1c?
874a
In base 10, what is -5760 - 2?
-5762
In base 4, what is 32 + -113301103?
-113301011
In base 15, what is 7 + 9e0?
9e7
In base 3, what is -1 - -1212121?
1212120
In base 11, what is -1880 + 3a?
-1841
In base 9, what is -1568 - 5?
-1574
In base 5, what is 3 + 144440?
144443
In base 14, what is 2 + -3b39b?
-3b399
In base 15, what is -3 + 860?
85c
In base 14, what is 1a6 - 40?
166
In base 10, what is -4485291 + 3?
-4485288
In base 13, what is 0 + 83b9?
83b9
In base 6, what is 4 + -12101340?
-12101332
In base 7, what is 2 + 10130534?
10130536
In base 4, what is 11212 + 312113?
323331
In base 7, what is -5345 - -63?
-5252
In base 8, what is -662 + -155?
-1037
In base 3, what is 1222 + 102000?
110222
In base 16, what is 3 + -d7ecf?
-d7ecc
In base 11, what is 39 - 37a2?
-3764
In base 11, what is 27395 - -11?
273a6
In base 6, what is -2 + 21045212?
21045210
In base 4, what is 1022313 - -201?
1023120
In base 7, what is 1434341